366 = -5*g + 62, -5*p + h = g. Calculate the remainder when p is divided by 4/(-1)*29/(-4).
25
Suppose -5*j + 910 = -0*j. Suppose 7*f = j + 42. What is the remainder when 156 is divided by f?
28
Let d = -161 - -104. Let r = d - -66. What is the remainder when r is divided by (-2 + 0)*(-7)/2?
2
Let t(w) = -9*w + 154. Calculate the remainder when 289 is divided by t(9).
70
Suppose 151 = 5*a - 164. Calculate the remainder when a is divided by 6.
3
Suppose -k + 18 = -4*w - 65, 4*k - w - 377 = 0. What is the remainder when k is divided by 12?
11
Let b = 88 + -62. Suppose -r - 30 = 2*r. Let s = r - -17. What is the remainder when b is divided by s?
5
Let a = 18 - 15. Let s be (-5 - (-7 + a)) + 4. Suppose 80 = s*x + 8. What is the remainder when 46 is divided by x?
22
Suppose -3*c + 31 + 2 = 0. Suppose 4*g + 60 = a, 5*g - 26 + c = 0. What is the remainder when a is divided by 19?
15
Let p(f) = -3*f**2 - 43*f - 6. Let q = 7 + -6. Let n = 13 + q. Calculate the remainder when n is divided by p(-14).
6
Let f be (-88)/(-16) - (-6)/(-4). Suppose -b = 0, -3*b + 68 = f*n - 12. Calculate the remainder when n is divided by 11.
9
Let t(r) = 6*r**2 + 10*r + 11. Calculate the remainder when t(-4) is divided by 18.
13
Let v be -1 - (-3 - (-4)/(-1)). Let i = 15 + v. Let p(n) = -n**3 + 9*n**2 - 8*n + 1. Calculate the remainder when p(6) is divided by i.
19
Let d(a) = -a**3 + 2*a**2 + 9*a - 8. Let k be d(4). Let x(n) = -2*n + 20. What is the remainder when 72 is divided by x(k)?
16
Suppose 19*d = 9*d + 130. Calculate the remainder when 75 is divided by d.
10
Suppose 5*h + 12 + 8 = 0. Let r be (9/h)/(2/40). Calculate the remainder when 35 is divided by 15/2*(-54)/r.
8
Let a be ((-128)/20)/(3/(-15)). Suppose a = 2*q - 2. Suppose q = 4*j - 67. Calculate the remainder when 60 is divided by j.
18
Let x = 6 + -3. Suppose 2*o + 0 = 5*k + 5, x*k - 13 = -2*o. Suppose 32*b - 123*b = -25*b - 528. Calculate the remainder when b is divided by o.
3
Let d = -30 + 16. Calculate the remainder when 66 is divided by (-2)/(-3) + (-35)/(-15) - d.
15
Suppose 31*y - 65 = -5*m + 26*y, -4*y - 11 = -3*m. What is the remainder when 367 is divided by m?
7
Suppose -7*d - 47 = 23. Calculate the remainder when 27 is divided by (-2 + 1)/(2/d).
2
Let z(l) = -42*l + 369. Calculate the remainder when z(0) is divided by 62.
59
Let n = 135 + -124. Suppose -180 = -n*j - j. Calculate the remainder when 237 is divided by j.
12
Let y(u) = -6*u - 11. Let t be y(-8). Suppose 25 - t = -r. What is the remainder when 58 is divided by r?
10
Let z = 0 - -5. Suppose -z*l + 0*l = -95. What is the remainder when 35 is divided by l?
16
Let k = 294 - 289. Calculate the remainder when 10 is divided by k.
0
Suppose -14*b + 17*b = 54. Suppose 21*u = b*u + 87. What is the remainder when u is divided by 16?
13
Let a(g) = g - 4. Let u be a(7). Let b = -1 + u. Suppose -1 = -3*n + b. What is the remainder when 3 is divided by n?
0
Let x(o) = -o**3 + o - 4. Suppose -3*p = -2*b + 86, 2*p = -b - 2*p + 21. Calculate the remainder when b is divided by x(-3).
17
Suppose u + 3*w = 1238, -2605 = -2*u + w - 108. What is the remainder when u is divided by 13?
12
Let k(b) = -b**3 - 8*b**2 - b - 11. Let x(v) = v**3 + 4*v**2 - 5*v - 3. Let a be x(-5). Calculate the remainder when k(-9) is divided by (-2)/a*(-8 + 38).
19
Calculate the remainder when 94 is divided by 3 + -5 - 3 - -25.
14
Let w(j) = j**2 + 7*j + 8. Let c(v) = v**3 - 3*v**2 - 17*v - 1. Calculate the remainder when c(7) is divided by w(-8).
12
Suppose 4*u - 5*l - 123 = -25, -5*u - 2*l + 139 = 0. Calculate the remainder when 178 is divided by u.
16
Let z(y) be the third derivative of y**5/30 + 5*y**4/24 + 5*y**3/3 - 11*y**2. What is the remainder when z(-5) is divided by 13?
9
Suppose 127*v + 2929 = 11438. What is the remainder when v is divided by 50?
17
Let m(r) = -4*r**3 - 2*r**2 - 17*r - 68. Calculate the remainder when m(-4) is divided by 23.
17
Suppose -1602 = -75*w + 57*w. What is the remainder when w is divided by 8?
1
Suppose -159 = -0*x - 3*x. Let h = x + -45. Calculate the remainder when 63 is divided by h.
7
Let q(k) = k - 1. Let s be q(-14). Let h = s + 45. Suppose -5*c + 0*x + 55 = 4*x, -4*c + 44 = 2*x. What is the remainder when h is divided by c?
8
Let a = 1598 - 1586. Let b(x) = -x**2 + 5*x + 1. Suppose w - 4*w + 12 = 0. What is the remainder when a is divided by b(w)?
2
Let x = -195 + 214. What is the remainder when 48 is divided by x?
10
Calculate the remainder when 145 is divided by (-214)/(-4) + -3 - 8/16.
45
Let c be (4/(-6))/(3/(-54)). Calculate the remainder when (2 - 1/2)*(23 - 5) is divided by (-42)/c*(-3 - -1).
6
Let y be (2/2)/(2/722). Suppose -299 = -5*j + y. What is the remainder when j is divided by 27?
24
Suppose 3*r - 15 = 3*b, -4*b + 8*b + 2 = -2*r. Let j be (-27 - r)*(-2)/(-4). Calculate the remainder when j/10 - (-494)/4 is divided by 31.
29
Suppose 0*r = 4*r - 368. Suppose 0 = -9*b + 13*b + r. Let k = b + 29. What is the remainder when 13 is divided by k?
1
Let c(g) = 3*g**3 - 2*g**2 - 9*g + 15. What is the remainder when 203 is divided by c(3)?
50
Let j(b) = -332*b + 2. Let p be j(2). Let l(k) = -53*k + 77. What is the remainder when p/(-14) + 4/(-14) is divided by l(1)?
23
Let m(x) = -17*x + 11. Let r(f) = 8*f - 5. Let z(s) = -3*m(s) - 7*r(s). Suppose 3*g + 40 = 7*g. Calculate the remainder when z(-5) is divided by g.
7
Suppose 1 = -2*o + 37. What is the remainder when o is divided by ((-10)/(-3) - 2)/(7/21)?
2
Let z be 6*(-3)/(-6) + -3. Suppose 0 = -z*w - 2*w + 46. Calculate the remainder when 44 + (-1)/(0 + -1) is divided by w.
22
What is the remainder when (-1*(-4)/(-16))/(2/(-232)) is divided by 4?
1
Suppose 10 = 4*d - 14. Let v(t) = t**3 - 6*t**2 + 8*t - 8. Let a(p) = 3*p**3 + 36*p**2 - 8*p + 22. What is the remainder when a(-12) is divided by v(d)?
38
Let n(z) = z**3 - 2*z**2 - 3*z - 4. Let u be (10/30)/(1/12). What is the remainder when n(u) is divided by 9?
7
Calculate the remainder when (-19327)/(-231)*3/1 is divided by 56.
27
Suppose 4*n - k = 6*n + 13, -4*k + 14 = -3*n. Let h(i) = -i**3 - 5*i**2 + 5*i + 12. Calculate the remainder when 44 is divided by h(n).
8
Let n = 47 - 39. Let t = 32 - 22. What is the remainder when t is divided by n?
2
Suppose -3 = -d - 9. What is the remainder when 91 is divided by 33*(-4)/d - -1?
22
Let s(x) = -21*x + 7*x - 8 + 4 - 10*x**2 + x**3 + 4*x. Let z(v) = 3*v - 10. Let b be z(7). What is the remainder when s(b) is divided by 2?
1
Let l(q) = q**3 + 9*q**2 + 7*q - 3. Let t(i) = i**2 + 5*i - 8. Let g be t(-5). Let o = 5 - 1. What is the remainder when l(g) is divided by o?
1
Suppose -7*p + 8 + 20 = 0. Suppose -18 = 3*j - p*j. Calculate the remainder when 52 is divided by j.
16
Let z = 413 + -345. Calculate the remainder when z is divided by 37.
31
Let x = -71 - -46. Let c = -21 - x. Suppose -c*f + 324 = 60. What is the remainder when f is divided by 23?
20
Let n = 8 - 16. Let y(u) = 5*u**2 - 69*u - 23. Let s(f) = f**2 - 17*f - 6. Let g(v) = 9*s(v) - 2*y(v). Calculate the remainder when g(n) is divided by 17.
14
Suppose 5*f = 4*s - 52, s + f - 20 = 4*f. Let z = 111 + -67. Let w = z + -13. Calculate the remainder when w is divided by s.
7
Let z(j) = -15*j**2 - 196*j - 12. What is the remainder when 23 is divided by z(-13)?
0
Let y(r) = 5*r**2 - 2*r - 5. Let b(g) = -6*g - 20. Let a be b(-4). What is the remainder when y(a) is divided by 17?
16
Let p be (-2)/(-5) - (-664)/40. Suppose -i + 60 = -p. Let w(x) = -x**3 - 4*x**2 + 10*x + 27. What is the remainder when i is divided by w(-6)?
38
Let t(w) = 110*w**2 - 1. Suppose 4 = 9*i + 13. What is the remainder when t(i) is divided by 28?
25
Suppose 48 = -74*l + 80*l. Calculate the remainder when 39 is divided by l.
7
Suppose -11*u + 7*u + 4 = 0. Calculate the remainder when 2/((8/30)/2) is divided by (9/6)/(u/4).
3
Let l(x) = 5*x**2 + x + 1. Let v be l(-1). Suppose -v*r - 5*i = -0*r - 45, 0 = 4*i - 12. What is the remainder when (-12)/(-2)*18/12 is divided by r?
3
Let h(n) = -2*n**2 + n - 2. Let g be h(1). Let p(r) = 3*r**2 - 17 + 21 + r - 11. What is the remainder when p(g) is divided by 6?
5
Let h = -6 + 12. Suppose 5*b + h*i - 9 = 3*i, 3*b + 4*i - 1 = 0. Suppose -n + 11 + b = -z, -5*z + 30 = 5*n. Calculate the remainder when 18 is divided by n.
8
Let 